{"id":10973,"date":"2020-10-13T15:37:36","date_gmt":"2020-10-13T18:37:36","guid":{"rendered":"https:\/\/abrelivros.org.br\/site\/?page_id=10973"},"modified":"2020-10-30T14:38:44","modified_gmt":"2020-10-30T17:38:44","slug":"conhecendo-a-abrelivros","status":"publish","type":"page","link":"https:\/\/abrelivros.org.br\/site\/a-entidade\/conhecendo-a-abrelivros\/","title":{"rendered":"Conhecendo a Abrelivros"},"content":{"rendered":"<p>A Abrelivros (Associa\u00e7\u00e3o Brasileira de Editores e Produtores de Conte\u00fado e Tecnologia Educacional) \u00e9 uma entidade civil sem fins lucrativos, fundada em 15 de abril de 1991, para congregar editoras de livros escolares e produtores de conte\u00fado e tecnologia educacional de diversas partes do pa\u00eds. Seus principais objetivos s\u00e3o:<\/p>\n<ul>\n<li>Colaborar para o desenvolvimento educacional e cultural do Pa\u00eds, atrav\u00e9s de atividades destinadas a aprimorar pol\u00edticas referentes \u00e0 educa\u00e7\u00e3o, \u00e0 cultura, \u00e0 forma\u00e7\u00e3o do educador, ao incentivo \u00e0 leitura e ao aprimoramento da qualidade do livro.<\/li>\n<\/ul>\n<p>&nbsp;<\/p>\n<ul>\n<li>Orientar, defender e proteger os interesses da categoria e de seus associados, representando as editoras junto aos governos e outras inst\u00e2ncias.<\/li>\n<\/ul>\n<p>&nbsp;<\/p>\n<ul>\n<li>Manuten\u00e7\u00e3o de um constante di\u00e1logo e de um trabalho em parceria junto aos \u00f3rg\u00e3os governamentais visando \u00e0 cont\u00ednua melhoria da qualidade f\u00edsica e pedag\u00f3gica das obras e da operacionaliza\u00e7\u00e3o dos Programas Nacionais do Livro.<\/li>\n<\/ul>\n","protected":false},"excerpt":{"rendered":"<p>A Abrelivros (Associa\u00e7\u00e3o Brasileira de Editores e Produtores de Conte\u00fado e Tecnologia Educacional) \u00e9 uma entidade civil sem fins lucrativos, fundada em 15 de abril de 1991, para congregar editoras de livros escolares e produtores de conte\u00fado e tecnologia educacional de diversas partes do pa\u00eds. Seus principais objetivos s\u00e3o: Colaborar para o desenvolvimento educacional e [&hellip;]<\/p>\n","protected":false},"author":1,"featured_media":0,"parent":10981,"menu_order":1,"comment_status":"closed","ping_status":"closed","template":"","meta":{"footnotes":"","_links_to":"","_links_to_target":""},"class_list":["post-10973","page","type-page","status-publish","hentry"],"yoast_head":"<!-- This site is optimized with the Yoast SEO plugin v15.1 - https:\/\/yoast.com\/wordpress\/plugins\/seo\/ -->\n<title>Conhecendo a Abrelivros &raquo; Abrelivros<\/title>\n<meta name=\"robots\" content=\"index, follow, max-snippet:-1, max-image-preview:large, max-video-preview:-1\" \/>\n<link rel=\"canonical\" href=\"https:\/\/abrelivros.org.br\/site\/a-entidade\/conhecendo-a-abrelivros\/\" \/>\n<meta property=\"og:locale\" content=\"pt_BR\" \/>\n<meta property=\"og:type\" content=\"article\" \/>\n<meta property=\"og:title\" content=\"Conhecendo a Abrelivros &raquo; Abrelivros\" \/>\n<meta property=\"og:description\" content=\"A Abrelivros (Associa\u00e7\u00e3o Brasileira de Editores e Produtores de Conte\u00fado e Tecnologia Educacional) \u00e9 uma entidade civil sem fins lucrativos, fundada em 15 de abril de 1991, para congregar editoras de livros escolares e produtores de conte\u00fado e tecnologia educacional de diversas partes do pa\u00eds. Seus principais objetivos s\u00e3o: Colaborar para o desenvolvimento educacional e [&hellip;]\" \/>\n<meta property=\"og:url\" content=\"https:\/\/abrelivros.org.br\/site\/a-entidade\/conhecendo-a-abrelivros\/\" \/>\n<meta property=\"og:site_name\" content=\"Abrelivros\" \/>\n<meta property=\"article:modified_time\" content=\"2020-10-30T17:38:44+00:00\" \/>\n<meta name=\"twitter:card\" content=\"summary_large_image\" \/>\n<script type=\"application\/ld+json\" class=\"yoast-schema-graph\">{\"@context\":\"https:\/\/schema.org\",\"@graph\":[{\"@type\":\"WebSite\",\"@id\":\"https:\/\/abrelivros.org.br\/site\/#website\",\"url\":\"https:\/\/abrelivros.org.br\/site\/\",\"name\":\"Abrelivros\",\"description\":\"\",\"potentialAction\":[{\"@type\":\"SearchAction\",\"target\":\"https:\/\/abrelivros.org.br\/site\/?s={search_term_string}\",\"query-input\":\"required name=search_term_string\"}],\"inLanguage\":\"pt-BR\"},{\"@type\":\"WebPage\",\"@id\":\"https:\/\/abrelivros.org.br\/site\/a-entidade\/conhecendo-a-abrelivros\/#webpage\",\"url\":\"https:\/\/abrelivros.org.br\/site\/a-entidade\/conhecendo-a-abrelivros\/\",\"name\":\"Conhecendo a Abrelivros &raquo; Abrelivros\",\"isPartOf\":{\"@id\":\"https:\/\/abrelivros.org.br\/site\/#website\"},\"datePublished\":\"2020-10-13T18:37:36+00:00\",\"dateModified\":\"2020-10-30T17:38:44+00:00\",\"breadcrumb\":{\"@id\":\"https:\/\/abrelivros.org.br\/site\/a-entidade\/conhecendo-a-abrelivros\/#breadcrumb\"},\"inLanguage\":\"pt-BR\",\"potentialAction\":[{\"@type\":\"ReadAction\",\"target\":[\"https:\/\/abrelivros.org.br\/site\/a-entidade\/conhecendo-a-abrelivros\/\"]}]},{\"@type\":\"BreadcrumbList\",\"@id\":\"https:\/\/abrelivros.org.br\/site\/a-entidade\/conhecendo-a-abrelivros\/#breadcrumb\",\"itemListElement\":[{\"@type\":\"ListItem\",\"position\":1,\"item\":{\"@type\":\"WebPage\",\"@id\":\"https:\/\/abrelivros.org.br\/site\/\",\"url\":\"https:\/\/abrelivros.org.br\/site\/\",\"name\":\"In\\u00edcio\"}},{\"@type\":\"ListItem\",\"position\":2,\"item\":{\"@type\":\"WebPage\",\"@id\":\"https:\/\/abrelivros.org.br\/site\/a-entidade\/\",\"url\":\"https:\/\/abrelivros.org.br\/site\/a-entidade\/\",\"name\":\"A Entidade\"}},{\"@type\":\"ListItem\",\"position\":3,\"item\":{\"@type\":\"WebPage\",\"@id\":\"https:\/\/abrelivros.org.br\/site\/a-entidade\/conhecendo-a-abrelivros\/\",\"url\":\"https:\/\/abrelivros.org.br\/site\/a-entidade\/conhecendo-a-abrelivros\/\",\"name\":\"Conhecendo a Abrelivros\"}}]}]}<\/script>\n<!-- \/ Yoast SEO plugin. -->","_links":{"self":[{"href":"https:\/\/abrelivros.org.br\/site\/wp-json\/wp\/v2\/pages\/10973","targetHints":{"allow":["GET"]}}],"collection":[{"href":"https:\/\/abrelivros.org.br\/site\/wp-json\/wp\/v2\/pages"}],"about":[{"href":"https:\/\/abrelivros.org.br\/site\/wp-json\/wp\/v2\/types\/page"}],"author":[{"embeddable":true,"href":"https:\/\/abrelivros.org.br\/site\/wp-json\/wp\/v2\/users\/1"}],"replies":[{"embeddable":true,"href":"https:\/\/abrelivros.org.br\/site\/wp-json\/wp\/v2\/comments?post=10973"}],"version-history":[{"count":5,"href":"https:\/\/abrelivros.org.br\/site\/wp-json\/wp\/v2\/pages\/10973\/revisions"}],"predecessor-version":[{"id":11717,"href":"https:\/\/abrelivros.org.br\/site\/wp-json\/wp\/v2\/pages\/10973\/revisions\/11717"}],"up":[{"embeddable":true,"href":"https:\/\/abrelivros.org.br\/site\/wp-json\/wp\/v2\/pages\/10981"}],"wp:attachment":[{"href":"https:\/\/abrelivros.org.br\/site\/wp-json\/wp\/v2\/media?parent=10973"}],"curies":[{"name":"wp","href":"https:\/\/api.w.org\/{rel}","templated":true}]}}